+ 2/17 - -7 prime?
True
Let r = 50025 + -14984. Is r composite?
True
Suppose 0 = 78*y - 83*y + 30. Let j be (9/y)/((-12)/(-53008)). Let a = j + -4265. Is a a composite number?
True
Let i(f) = -3*f**3 + 32*f**2 + 77*f + 1069. Is i(-22) a prime number?
True
Let w = -145 + 148. Suppose 3*x + 4*t = -565, -w*t + 4*t - 2 = 0. Let s = 1614 + x. Is s composite?
False
Let s(t) = 117*t**2 - 16*t - 2. Let w = -193 - -190. Is s(w) a composite number?
True
Suppose -6*n - 130348 + 1445381 = -337325. Is n a composite number?
False
Suppose 0 = 2*r - 5*v - 1104555, -117*v = -112*v - 35. Is r a prime number?
False
Is 11/((-79456)/79472 - -1) a prime number?
False
Let v(n) = n**3 - 6*n**2 + 3*n - 20. Let f be v(6). Let h be (-3)/(-4) - (88/32 + f). Suppose -2*z - 949 = -5*b + z, h = -z + 2. Is b composite?
False
Suppose -3*i - 2 = 280. Suppose 1456 = -32*t + 6672. Let z = t + i. Is z prime?
False
Let z = 269 - 281. Is (z/(-24))/((-4)/(-30296)) a prime number?
False
Let i be (10/4)/((-11)/(-22)). Suppose -4*c - 4862 = -i*c. Is 1*-3 - c/(-11) composite?
False
Is (18/(-21) - 440/(-350)) + 315666/10 prime?
True
Let t be (-28244)/(-9) - 3 - 4/18. Let z be t/2*44/(-22). Let i = z - -6626. Is i a prime number?
True
Let r = -109914 - -233795. Is r a prime number?
False
Let u(b) = -2*b - 23. Let x(o) = 2*o + 23. Let m(d) = 6*u(d) + 5*x(d). Let p be m(-11). Is 3032/1 - (-10 - -6 - p) composite?
True
Let f(l) = 524*l**2 - 11 - 18*l + 23*l + 260*l**2 + 52*l**2. Is f(2) a composite number?
False
Let q = -608 + 155. Let b = q - -490. Is b a composite number?
False
Let p be 4*33528/(10 + -4). Suppose 10*v + 6*v = p. Is v a composite number?
True
Suppose -160 = -41*j + 39*j. Suppose 0 = -3*z + 169 + j. Let p = 336 + z. Is p composite?
False
Let s = 6595 - -518. Let v(b) = -b**3 + 69*b**2 - 128*b + 1171. Let a be v(66). Suppose -3*g = -2*p - s, 4*g - 3688 - a = p. Is g prime?
False
Let c(y) be the third derivative of 0 + 35*y**2 - 6*y**3 - 25/24*y**4 + 0*y. Is c(-15) a composite number?
True
Suppose -30 = -2*x + 4*d, 2237 = 5*x - d + 2216. Let f = 4 - -1. Suppose 7*w - 2*w = -x*t + 1268, 5*t - f = 0. Is w composite?
True
Is 24186 - (-11)/(11 + (-40)/4) a composite number?
False
Let h(z) = -3413*z**2 - 3*z. Let w be h(-2). Is (2*w/(-28))/((-1)/(-7)) composite?
False
Let v(b) = 11*b**2 + 6*b**2 - 5 - 2*b + 361*b**3 - 14*b**2 + 3*b. Is v(2) composite?
False
Suppose 5*o = -3*h - 87 - 337, 0 = 4*o - 5*h + 354. Let q = -82 - o. Suppose -b = -1, q*v + b = 2*b + 347. Is v composite?
True
Suppose 0 = 4*j - 13 + 5. Let x be 1/(5/(-4)*j/(-5)). Is ((-2)/(-4)*-293*x)/(-1) prime?
True
Is (-4)/2*72/48*(-178844)/12 a prime number?
True
Let v = 37 - 25. Let y be (v/10)/((-34)/(-1275)). Suppose 0 = 4*n + 1 - y. Is n composite?
False
Suppose -7990839 - 3577284 = -189*o. Is o a prime number?
False
Is 408460 + -6 + (22 - 21)/(2/14) a prime number?
True
Suppose -4*r + 6*r - 173649 = -k, 3*k + 4*r - 520941 = 0. Is k a prime number?
False
Suppose -90*k - 98*k + 193*k = 1460315. Is k prime?
False
Suppose -4*n - i = -4*i - 4, 2*i = 0. Let g(x) = 25835*x**3 - 2*x**2 - 4*x + 6. Is g(n) composite?
True
Let k(z) = -z. Let l(f) = -27*f - 1. Let t(p) = -15*k(p) - 5*l(p). Is t(7) prime?
False
Let d(k) = -k - 12. Let u be d(-16). Let g be 2 + (-3 - (-10 + 3)). Suppose u*y - i = -g*i + 2871, -4*i = -2*y + 1442. Is y a prime number?
True
Let j(t) be the second derivative of t**4/12 - 3*t**3/2 + 13*t**2/2 + 113*t. Let z be 57/(-6) + 1/(-2). Is j(z) a prime number?
False
Suppose 4*p + 5*v = -185, 4*v - 1 = -5. Is (5/(p/(-2073)))/(3/9) a prime number?
True
Let j = 84 - -748. Let a = 1511 - j. Is a prime?
False
Suppose 0 = 9*q - 12*q + 6. Suppose -q*w + 2*n + 14690 = 0, 2289 = w - 3*n - 5048. Is w composite?
False
Suppose -10*b + 46 + 4 = 0. Let o be (-2)/b + 20205/75. Let l = 484 - o. Is l prime?
False
Let n(p) = -76*p**3 - 24*p**2 - 5*p + 37. Is n(-6) composite?
False
Suppose 14*u - 44 = 10*u. Let q(x) = x**3 + 2*x**2 - 26*x - 16. Is q(u) composite?
True
Let d be 1 - -1 - -1 - -13. Let s be ((-17932)/d - -2)*-4. Suppose -3*f - s = -8*f. Is f prime?
False
Let c(i) = -271*i**3 - 2*i**2 - 4*i - 7. Let s = 49 + -51. Is c(s) composite?
False
Suppose 26*n = 24*n - 232. Is -4 - -3 - -2 - (-4 + n) prime?
False
Let x(d) = 38*d**2 + 20*d - 35. Let v be x(9). Let k = -1292 + v. Is k composite?
False
Let s = 22588 + 13688. Is s/8 + 14/4 a composite number?
True
Suppose 49 - 9 = 8*v. Suppose 4*w = 5*n - 0*n + 6491, v*w + n - 8150 = 0. Suppose -3*c + 2877 = -w. Is c a composite number?
True
Let y be 3/((-21)/(-2)) - 81918/14. Let d = -3516 - y. Is d a composite number?
True
Let y be ((-1)/(2 + -3))/((-12)/(-36)). Suppose 4*m + 2*a = -0*a + 314, y*m - 239 = 2*a. Let p = -26 + m. Is p composite?
False
Suppose -3*u - 3*w = -3, -3*u - 5*w - 4 = -1. Suppose 5 - 15 = 4*y + 3*h, 0 = -2*y - h - u. Is 3 - -1898 - (y + 1) composite?
False
Suppose 0*v - 5*v - 2*f + 3285 = 0, -v + 5*f + 630 = 0. Let k = v + -8. Is k composite?
False
Suppose 328*h = 459*h - 19387607. Is h a composite number?
False
Suppose -16*z - 168*z = -14766184. Is z a composite number?
False
Suppose 0 = -4*u + 5*d - 39, -4*u - 4*d - 69 = -3*d. Is ((-1564)/(-10))/(u/(-40)) a composite number?
True
Let n(t) = t**3 - 6*t**2 + 15*t - 47. Let d be n(5). Is 6274/(4/6*d) a composite number?
False
Let x(f) = 573*f**2 - 31*f + 39. Let q(y) = 286*y**2 - 15*y + 19. Let i(b) = 13*q(b) - 6*x(b). Is i(2) a composite number?
True
Suppose 17*p + p = 522. Suppose -p*y - 6531 + 32254 = 0. Is y composite?
False
Suppose 22*m = 62*m + 25*m - 25201865. Is m composite?
False
Let r(x) = 4*x**2 + x + 95. Let k(f) = f**2 - 26*f - 28. Suppose 0 = 16*q - 2*q - 364. Let z be k(q). Is r(z) prime?
True
Let l = 688467 - 469856. Is l a prime number?
True
Is (-689930)/4*(-170)/425 composite?
False
Suppose 0 = 5*m - 5, 3*w + 2 = -5*m - 8. Suppose -58*f - 128 + 186 = 0. Is 5/(w/796)*f/(-4) prime?
True
Suppose 0 = 20*d - 4805375 - 1837565. Is d prime?
True
Suppose 0 = 18*c + 13*c - 1155587. Is c prime?
True
Suppose 66274880 = 128*s + 12892864. Is s prime?
False
Suppose 4*p + 8 = 4*r, -r - 3*p - 6 = -0. Suppose r = -22*m + 18*m + 20. Is m/(-30) - (-1)/6 - -79 composite?
False
Suppose 26 = 11*m + 15. Let s(u) = 6904*u**3 + u**2 + u + 1. Is s(m) a prime number?
True
Let t(u) be the first derivative of -u**4/2 - 6*u**3 - u**2 - u - 1. Suppose 108 = 9*s - 18*s. Is t(s) a composite number?
False
Let h = -8 - -13. Let q = -1376 + 1379. Suppose 7*a - q*x - 1511 = 3*a, -h*a = -x - 1886. Is a composite?
True
Let w = 18018 - -58817. Let z = w + -45366. Is z a composite number?
False
Let w(y) = 1575*y**2 + 3. Let k be w(-1). Suppose 0 = -1367*j + 1370*j - k. Is j prime?
False
Suppose 2*j - 5*z - 57268 = 82364, 0 = -5*j + z + 349103. Is j composite?
False
Suppose -450038 - 541527 = -5*i - 3*f, -2*f = -4*i + 793252. Is i a composite number?
False
Let n(r) = -r**2 + 3*r + 3. Let y be n(0). Let m = y + -5. Is ((-1137)/m)/((-7)/(-14)) a prime number?
False
Suppose -14*o + o + 16*o - 90231 = 0. Is o a prime number?
False
Suppose -3*f + 179*g - 174*g + 222909 = 0, -4*g - 148606 = -2*f. Is f a composite number?
True
Let i = 21538 + -12309. Is i a composite number?
True
Let l be -11 + 7 + (1089/(-3) - -2). Suppose -2*g + 1324 = b + 3*g, -4*b - 2*g = -5296. Let s = b + l. Is s prime?
False
Let c be 9/21 - 633/7. Let r = 173 + c. Is r a prime number?
True
Suppose 0 = -17*x + 140 + 115. Suppose x*n + 4604 = 19*n. Is n composite?
False
Is (-125946)/(-54) - 2/(-3) - 0 composite?
False
Suppose -3*f - 10786 = -4*f - 2*i, -f + 10798 = -4*i. Suppose -13*w - f = -23*w. Is w composite?
True
Suppose -40 = -51*j + 46*j. Let v be 73 - j/5*(-40)/(-16). Is ((-5)/(-15))/(1/v) a composite number?
False
Suppose 54*q = 44*q + 33*q - 467429. Is q a composite number?
False
Let l be (-10 - -1)/(2 + -3). Let m be 16/36 - 287/(-63). Suppose 0 = -3*v - l, -v - 453 = -m*r - 40. Is r composite?
True
Suppose 6578*p - 2230952 = 6570*p. Is p prime?
False
Let r be (350/28 - 12)*(-4)/(-1). Let h(d) = 1026*d + 1 - 1 - 1. Is h(r) a prime number?
False
Let z(m) be the third derivative of 229*m**4/24 + 11*m**3/3 + 18*m**2. Let x be z(6). Suppose 0 = 5*n - 394 - x. Is n prime?
False
Suppose -3*s = n + 185247, 8*n = -4*s + 3*n - 246985. Is s/(-40) - 3/4 prime?
T